e the prime factors of l(z)?
5, 43
Let p(g) = -721*g**3 - 2*g**2 - g + 4. List the prime factors of p(-2).
2, 3, 31
Let i = -327 + 595. Suppose -i + 1462 = 3*t. What are the prime factors of t?
2, 199
Let d(x) = x**2 + 8*x - 118. Let c be d(0). List the prime factors of (-2)/(5 + -6) - c.
2, 3, 5
Suppose 0 = 18*a + 3325 - 427. Let k = a + 239. List the prime factors of k.
2, 3, 13
Let w(i) = -i + 13. Let m be w(20). Let y = m + 291. What are the prime factors of y?
2, 71
Let j(f) = -67*f**3 - 10*f**2 - 138*f - 671. List the prime factors of j(-6).
19, 751
Let s = 45714 + -29844. List the prime factors of s.
2, 3, 5, 23
Let z = 68 - 64. Suppose 3*i + 3 = 0, -z*i + 3*i + 459 = 4*h. Suppose h = 3*b - 53. List the prime factors of b.
2, 7
Let n(s) = 28*s + 6*s**3 - 35*s**3 - 3*s**2 - 35*s - 4. List the prime factors of n(-2).
2, 5, 23
Let m be (-8)/(-20) - 66/(-10). Suppose 4*i + 0 - m = -a, 3*a = -3. What are the prime factors of i/4*2*(12 - -99)?
3, 37
Suppose -5*l - k = -3*k - 98, -4*l + k + 76 = 0. Let s(m) = m + 1. Let g(w) = w**2 - 21*w - 7. Let n(p) = -g(p) + 4*s(p). List the prime factors of n(l).
137
Let q = 460 - 419. What are the prime factors of (4 + -2 - 1)*15*q?
3, 5, 41
Let z be (-2)/((-12)/33)*12/33. Suppose -2219 = -4*a - 3*t, 3*a + z*a = -2*t + 2772. What are the prime factors of a?
2, 277
Suppose 6 + 38 = 11*p. Suppose 0 = p*r + 2*r - 18. Suppose -r*d - 151 + 621 = -5*a, a - 296 = -2*d. What are the prime factors of d?
2, 3, 5
Let i be (-30529310)/(-42) - (-3)/(-9). What are the prime factors of 1/(-5) + i/465?
3, 521
Suppose h = -4*a + 18983, 10576 + 8417 = 4*a - h. What are the prime factors of a?
47, 101
Suppose h = 681 + 671. List the prime factors of h.
2, 13
Let o be 38/14 + 11/((-308)/(-8)). Suppose 24 = 3*b + 5*v, -2*b + 5*v = 2*v + o. List the prime factors of -218*(-5)/30*b.
109
Let h be 192/(-20) + (12/(-5))/(-4). List the prime factors of (12639/(-22))/(h/12).
2, 383
Let z(n) = 33*n**2 - 188*n - 37. List the prime factors of z(9).
2, 59
Let t(q) = -q. Let z(l) = 31*l**2 + 14*l - 10. Let o(m) = 5*t(m) + z(m). What are the prime factors of o(5)?
2, 3, 5
Let x = -108 - -96. Let v be 1/(3/34) + 4/x. Let b(w) = 6*w + 5. List the prime factors of b(v).
71
Let z = 1632 - 3286. Let i = -1095 - z. List the prime factors of i.
13, 43
Suppose 40*s - 38*s - 74630 = -6*t, -4*s = 2*t - 24890. What are the prime factors of t?
12437
Let u be 15/(-6)*(-3732)/10. Let w = -550 + u. List the prime factors of w.
383
Let h(c) = 229*c**2 + c + 2. Let m be (-6)/(-4)*2*(-4)/12. What are the prime factors of h(m)?
2, 5, 23
Let o = 20 + 47. Let t = -5888 - -5864. Let c = t + o. List the prime factors of c.
43
Let j be (48/20)/(-2)*(-5)/2. Let n be j/(2*(-3)/(-8274)) + -2. List the prime factors of (-3)/((-75)/n) + 6/10.
2, 83
Suppose -8*d + 16*d = 176. Suppose -1830 = -d*c + 16*c. List the prime factors of c.
5, 61
Let w(l) = 912*l**2 - 134*l - 23. List the prime factors of w(-7).
3, 563
Let q be (3 + (-84)/20)/(6/20). Let y be -2 + ((-6)/9)/(q/1602). Let x = y - 146. List the prime factors of x.
7, 17
Let q be 290/87*3/2. What are the prime factors of 175/70*588/q?
2, 3, 7
Let b(p) be the third derivative of -p**5/15 + 43*p**4/24 - 5*p**3/2 + 2*p**2 - 27. List the prime factors of b(10).
3, 5
Let i = 811 - 807. Suppose 9*t - 5*t = 4*w + 6184, i*t + 2*w = 6190. What are the prime factors of t?
7, 13, 17
Suppose u + 3 = 9. Let f(a) = -39*a - 13. Let k be f(u). Let t = k - -438. List the prime factors of t.
191
Let k(h) = -h**3 + 5*h**2 + 2*h + 2. Let j be k(6). Let w be ((-3)/6)/1*(-45 - -49). List the prime factors of ((-26)/j + w/11)*138.
2, 3, 23
Let t(m) = -77*m**3 + 9*m**2 - 2*m + 39. List the prime factors of t(-7).
5, 5381
Suppose -2*r + m - 29 = 0, 7*r + 4*m + 49 = 4*r. Let j be r/6*11*12/5. Let w = j + 104. List the prime factors of w.
2, 19
Let o(r) = r**3 + 28*r**2 - 32*r - 82. Let z be o(-29). Suppose -z*x = -185 - 1815. List the prime factors of x.
2, 5
Let u(o) = -o + 21. Let t be u(18). Let h(l) = -l**3. Let d(w) = -2*w**3 - w**2 - 5*w - 2. Let v(q) = t*h(q) - d(q). What are the prime factors of v(-4)?
2, 31
What are the prime factors of (-16189)/(-4) - (1386/72 - 20)?
2, 11, 23
Let w(t) = -t**2 + 32*t - 47. Let f(q) = -q**2 - 9*q + 11. Let u be f(-5). Let x be w(u). Let j = x - -162. List the prime factors of j.
2, 73
Let s = -295 + 275. List the prime factors of 2/s + 178684/1240.
2, 3
Suppose 1902 = 10*o + 442. Let c be 6/(-33) + (-72)/(-33). Suppose 8*y + c*k = 4*y + o, 5*y = 3*k + 188. What are the prime factors of y?
37
Suppose -5*h + 35 = 3*g, 3*h + 5*g - 21 = -0*h. Let u(y) be the first derivative of 3*y**2 - 15*y - 287. What are the prime factors of u(h)?
3
Let t(w) = -w. Let q(i) = -34. Let g(h) = -q(h) + 3*t(h). Let s be g(-10). Suppose 0 = k + k - s. List the prime factors of k.
2
Suppose 2*o + 24 = 264. Let g = -361 + o. Let s = g - -419. List the prime factors of s.
2, 89
Let p(m) = -3*m + 23. Let x be p(5). Suppose -x*u = 97 + 127. Let j = 85 - u. What are the prime factors of j?
113
Let m be ((-10)/4 + -2)*36/(-81). Suppose 3*u + 599 = 2*c, -m*c - 4*u = -5*u - 609. List the prime factors of c.
307
Suppose -2*n = -5*l - 323, 2*n + 22 = -l - 45. Let k be 6/45 + l/(-75). List the prime factors of (-1407)/(-28) + k/(-4).
2, 5
Suppose -164 - 148 = -13*w. List the prime factors of 251/2 + 2*(-6)/w.
5
Suppose 3*a = 4*a + 3, -3*y = -2*a - 3204. Let z = -747 + y. What are the prime factors of z?
11, 29
Let p(c) = 44*c**2 + 14*c + 3. Let i be p(-2). Let x = 193 + i. What are the prime factors of x?
2, 43
Suppose -4*i - k + 52905 = 0, -5*k + 7415 = -2*i + 33884. List the prime factors of i.
3, 4409
Suppose -127*m + 91*m + 413892 = 0. List the prime factors of m.
11497
Suppose -47*c = -1301117 - 1292155. List the prime factors of c.
2, 3, 11, 19
Let z(l) = -39*l**3 - 11*l**2 - 19*l - 32. What are the prime factors of z(-6)?
2, 5, 811
Suppose 204*d - 3740646 = -17*d. List the prime factors of d.
2, 3, 7, 13, 31
Let x(a) = -27*a - 30. Let p(b) = -53*b - 58. Let i(k) = 6*p(k) - 13*x(k). What are the prime factors of i(10)?
2, 3, 31
Suppose -164942 = -4*h + 2*f, 19755 + 62686 = 2*h + 9*f. List the prime factors of h.
2, 53, 389
Let i(k) = -19*k**2 - k**3 - 2 + 6*k**2 + 14*k - 3*k**2 + 4*k**2. Let q be i(-12). Let s = q - -293. What are the prime factors of s?
3, 41
Let x = -98 - -101. Suppose -v = i - 25, -x*v = v - 5*i - 64. What are the prime factors of v?
3, 7
Suppose 0 = 4*m - 5*x + 484, 17 = 4*x + 1. List the prime factors of 10/(-12)*m*486/108.
3, 5, 29
Suppose 15*n = 20*n + 4*b - 48746, 0 = 4*n + 3*b - 38997. What are the prime factors of n?
2, 3, 5, 13
Suppose -13*v + 4 - 17 = 0. Suppose 0 = 2*k - k - 2. List the prime factors of (-156)/v + 2/(-4)*k.
5, 31
Let q(a) = 3*a - 7 + 71*a**2 - 14*a**2 + 17*a**2. Let f be q(-3). Suppose 158 = -0*i + i - 2*p, -4*i + f = -2*p. List the prime factors of i.
2, 41
Suppose 4*p + 7534 = 3*y + 2289, -2*p - 8751 = -5*y. What are the prime factors of y?
17, 103
Suppose 3*y + 1333 = 5*i, -2*i - 448 = -4*y + 5*y. Let r = y + 641. List the prime factors of r.
3, 5, 13
Suppose 0 = -2*a + g + 7, -a + 3*g = 2*g - 4. Suppose 3*o - 3876 = -a*o. Let f = -393 + o. What are the prime factors of f?
11, 23
Suppose 149*a - 151*a = -4. Suppose -a*y - 3*y + 2519 = w, -4*w + 519 = y. List the prime factors of y.
503
Let j(p) = 2*p**2 - 4*p + 7. Let x be j(3). Suppose 0 = 15*o - 4*o - x*o. Suppose 74 = 2*t - 3*u, o*t - 3*t - u + 111 = 0. What are the prime factors of t?
37
Suppose -13*k = -2*j - 10*k + 93, 4*j + 4*k = 176. Let t = j + 138. What are the prime factors of t?
3, 61
Suppose -591*m = -563*m - 253008. List the prime factors of m.
2, 3, 251
What are the prime factors of 5/((-9)/(302247/(-11)))?
5, 43, 71
Let n be (20214/72)/((-4)/32). Let p = -1587 - n. What are the prime factors of p?
659
Let l(g) = -3*g**3 + 4*g**2 + 3*g + 1. Let p be l(-1). List the prime factors of 1052/p + (3 - 12/5).
211
Let l = -84 - -96. Let u be (322/4 - 1)*(-8)/l. List the prime factors of (1 + u - -2)*-1.
2, 5
Let b = 16652 + -10857. What are the prime factors of b?
5, 19, 61
Let b(h) = -h**3 + 2*h - 8*h - 18 + 6 + 7 + 2*h**2. Suppose 0 = -4*x - 2*c - 8, 3*x - 7 + 31 = 3*c. What are the prime factors of b(x)?
5, 23
